 + 142, -m = -x + s + 28. What is the remainder when x is divided by 12?
10
Suppose 5*y = -2*m + 4*m + 59, -m - 23 = -2*y. Let t = -44 + 80. What is the remainder when t is divided by y?
10
Suppose 6 = -3*o, -3*q - o - 29 = 3*o. Let r = -7 - q. Calculate the remainder when (r + 1)/(2/78) is divided by 14.
11
Suppose f = 2*w - 0*w - 4, -3*f = 4*w - 28. Suppose -2 + f = 2*c. What is the remainder when (0 + 2)/(c/11) is divided by 8?
6
Let h = 27 - 24. What is the remainder when 7 is divided by h?
1
Suppose -4*m + 12 + 16 = 4*r, -2*m + 3*r = -39. Let a = m - 2. What is the remainder when 29 is divided by a?
9
Suppose -k + 0*k + 2 = 0, -4*d + 3*k = -22. Let g(i) = i + 10. Let h be g(-10). Suppose h = -q + d. What is the remainder when 13 is divided by q?
6
Suppose t + 3*c = 6, 3*c = 4*t - 8 - 1. Suppose t*m + 1 - 43 = 0. What is the remainder when 27 is divided by m?
13
Suppose -2099 - 301 = -12*f. Calculate the remainder when f is divided by 29.
26
Let l be 16/2 - (-2 + 5). Suppose 2*i - l = i. Calculate the remainder when (i - 6)*(0 + -3) is divided by 3.
0
Let w be 1/4 + (-1)/4. Let a be 2/(-9) + 326/9. Suppose 0 = -2*u - 4*i + 10, i + a = 5*u - w*i. What is the remainder when 18 is divided by u?
4
Suppose 0 = 3*l - 9, -l = 2*c - 1 - 24. Calculate the remainder when 21 is divided by c.
10
Let g = 45 - 40. What is the remainder when 9 is divided by g?
4
Suppose t = s + 20, 2*s + 17 = t + 1. Calculate the remainder when t + -2*(3 + -4) is divided by 4/(-6) + 58/6.
8
Let g be 4/24 + (-68)/(-24). Suppose y + 3*h = -0*h - 1, y - 4 = 2*h. Let b = g + y. What is the remainder when 13 is divided by b?
3
Let f(l) = -l**3 + 5*l**2 + 3*l - 6. Suppose 0 = -0*p + 2*p - 8. Suppose 2*u + p = 5*h, u + 3*h = -2*h + 28. Calculate the remainder when f(4) is divided by u.
6
Calculate the remainder when 119/11 + 2/11 is divided by 7.
4
Let i = 150 - 143. What is the remainder when 10 is divided by i?
3
Suppose 2*b - 4 = 3*w, 12 = 5*b + 3*w - 19. Suppose 4 + b = 3*g. What is the remainder when 9 is divided by g?
0
Let q = 61 + -30. What is the remainder when q is divided by 8?
7
Calculate the remainder when 57 is divided by 47/3 - (-10)/(-15).
12
Suppose -20 = -2*q + 24. Let c = 119 + -81. Let m = c - q. Calculate the remainder when m is divided by 9.
7
Suppose -8*o + 4*o = 12. Let d be o + (-72)/(-4 - -1). What is the remainder when 73 is divided by 9/d - 344/(-14)?
23
Let f(q) = -q**3 - 3*q**2 + 2*q + 13. What is the remainder when 61 is divided by f(-4)?
19
Let s(x) = x - 11. Let n be s(8). Let w(p) = -4*p + 1. Calculate the remainder when w(-1) is divided by n/(-9) + (-5)/(-3).
1
Let q = -1 + 8. Calculate the remainder when 18 is divided by q.
4
Suppose 3*j + 28 = -3*c + 163, 2*c - 5*j = 62. Let q(z) = z**2 + 2*z - 3. What is the remainder when c is divided by q(4)?
20
Let u = -27 + 29. Suppose 13 + 5 = u*c. What is the remainder when c is divided by 2?
1
Let u = -1 + 1. Suppose u = 2*y - 2 - 6. What is the remainder when y is divided by 3?
1
Suppose 2*r - 2 = -3*f, 20 = 4*r - 0*r + 2*f. Suppose v = -4*o - r, 2*o + v = -0*v - 3. Let s = o - -6. Calculate the remainder when 6 is divided by s.
2
Suppose -2*b = -b + 2*l - 72, -3*b + l = -209. What is the remainder when b is divided by 18?
16
Let u(v) = v**3 - 5*v**2 - 5*v + 1. Suppose -4*a = -5*y - a + 29, -2*y + 2 = 2*a. Calculate the remainder when u(6) is divided by y.
3
Let j be (5 - -1)*(-6)/(-9). Suppose 8 = -j*f + 28. Calculate the remainder when 12 is divided by f.
2
Let u(x) = -x**2 - 13*x + 6. What is the remainder when u(-12) is divided by 5?
3
Let b = -1 + 1. Let z = 20 + -15. Suppose b*a = a - z. What is the remainder when 14 is divided by a?
4
Let z(y) = 5*y**2 - 4*y + 1. What is the remainder when z(-3) is divided by 20?
18
Let k(g) = -66*g**3 + g**2 + 2*g + 1. Calculate the remainder when k(-1) is divided by 2/(-4)*17*-2.
15
Suppose -2*a + 321 = 3*a - 4*j, 2*a - 4*j = 126. Suppose l = 4*l - 66. What is the remainder when a is divided by l?
21
Suppose 4*r = -4*i - 1 + 9, 5*i + 2 = r. Let w(m) = m**2 + m + 6. Let p be w(i). Calculate the remainder when 4 - (p + -3) - -44 is divided by 12.
9
Suppose -5*n = -3*r + 47, -r - 3*n + 9 = -2. What is the remainder when 39 is divided by r?
11
Let w(f) be the first derivative of f**2 + 3*f - 4. What is the remainder when w(4) is divided by 4?
3
Suppose 0 = 3*g + 2*x + 114, -4*g = 4*x - 7*x + 135. Calculate the remainder when 18 is divided by (-8)/g - (-61)/9.
4
Let p(s) = s**3 + 10*s**2 - 19*s - 13. Calculate the remainder when p(-11) is divided by 11.
9
Suppose -4*z + 52 = -0*z. What is the remainder when z is divided by 8?
5
Let d(h) = h**2 - h + 5. Suppose -6 = 2*r + 3*g + 2*g, -5*r + 19 = 4*g. What is the remainder when d(-4) is divided by r?
4
Let w(x) = 15*x**2 - 1. Let j be w(-1). Let p = j - -2. What is the remainder when p is divided by 9?
7
Suppose -14*r = -10*r - 44. What is the remainder when 30 is divided by r?
8
Suppose 34 = -2*w + 3*w. Calculate the remainder when 133 is divided by w.
31
Let k be (-2 - -1)*(-1 - 1). Let a be -2 + 3 - 10/k. Calculate the remainder when 4 is divided by (4 + 0)*(-2)/a.
0
Let h(m) = -m**2 - 7*m + 12. Let i be h(-8). Suppose c - 40 = -i*c. What is the remainder when 15 is divided by c?
7
Let y(q) = q**2 + 11*q + 14. Calculate the remainder when y(-10) is divided by 4.
0
Suppose -5*r + 485 = 4*j, r + r - 369 = -3*j. Calculate the remainder when j is divided by 42.
41
Let k(i) = i**2 + 5*i - 1. Let a(h) = h - 3. Let j be a(7). Suppose 3*m - j*c = 12, -3*m + 6*m + 5*c - 39 = 0. What is the remainder when m is divided by k(-6)?
3
Let i be 0 - 0 - 0 - -1. Let r be i + (0 + 0 - -2). Suppose -3*o + r = -2*o. Calculate the remainder when 7 is divided by o.
1
Let f(h) = 12*h**2 - h. What is the remainder when f(1) is divided by 4?
3
Let n(m) = -m**2 - 28*m - 28. Calculate the remainder when 70 is divided by n(-26).
22
Let d(l) = l**2 - 9*l + 17. Calculate the remainder when 7 is divided by d(7).
1
Let u = 32 - 26. What is the remainder when 15 is divided by u?
3
Let o be 6/(-15)*170/(-1). Let p = 117 - o. Calculate the remainder when p is divided by 17.
15
Let x(u) = -5*u + 11. What is the remainder when x(-18) is divided by 34?
33
Suppose -2*t - 12*t = -140. What is the remainder when t is divided by 7?
3
Suppose -2*s + 0*s + 4 = 0. Let q be -2*(0 + 3/(-2)). Suppose -17 = -s*u - q. Calculate the remainder when u is divided by 4.
3
Suppose -92 - 31 = -3*q. Let o be 10*16*2/10. Suppose 2*a = -x - 3*x + o, 0 = -a - x + 15. Calculate the remainder when q is divided by a.
13
Let v(k) = k - 2. Let c be v(-5). Let m = c + 10. Calculate the remainder when m is divided by 3.
0
Suppose 5*w = -5*p + 165, -2*w - 2*w + 127 = 5*p. What is the remainder when 72 is divided by w?
34
Let v = -12 - -27. What is the remainder when 728/13 + (3 - (-1)/(-1)) is divided by v?
13
Suppose -9*q + q = -504. What is the remainder when q is divided by 11?
8
Suppose 3*l = -15, -2*s = -0*s - 2*l - 38. What is the remainder when 22 is divided by s?
8
Let i(w) = 3*w**2 - 3*w - 4. Suppose 2*h = 5*h + 9. What is the remainder when i(h) is divided by 17?
15
Let a(m) = 7*m - 10. Calculate the remainder when a(10) is divided by 21.
18
What is the remainder when (90 + 3)/((-3)/(-2)) is divided by 16?
14
Let r = -6 + 12. Calculate the remainder when 21 is divided by r.
3
Let j = -98 + 187. What is the remainder when j is divided by 23?
20
Let b(y) = -2*y**2 + 10. Suppose 14 + 22 = 2*c. What is the remainder when c is divided by b(0)?
8
Suppose 0 = 3*r - r - 14. What is the remainder when 13 is divided by r?
6
Let c(j) = j**3 - j**2 + j + 1. Let a(d) = d**3 + 4*d**2 + 4*d + 2. Let o be a(-2). Let f = 4 - o. Calculate the remainder when c(f) is divided by 3.
1
Calculate the remainder when 1*-2 + (-7 - -88) is divided by 27.
25
Suppose -3*p = -p - 14. What is the remainder when 27 is divided by p?
6
Let b(w) = -w - 2. Let t be b(5). Calculate the remainder when 108 is divided by 1/t + 155/7.
20
Let t be 1/4*(2 - -2). Let r be ((-18)/4)/(t/12). Let b = r + 94. What is the remainder when b is divided by 14?
12
Suppose 5*s = 3*p + 195, -6*s + s + p = -205. Calculate the remainder when s is divided by 15.
12
Let h = -10 - -31. Suppose -10 = -4*p - p. Suppose -19 = -p*